.
8
Let l(a) = -4*a + 56. What is l(-11)?
100
Let f(u) = -3*u**2 + 18*u - 12. Calculate f(5).
3
Let w(r) = -r**2 + 10*r - 37. Calculate w(11).
-48
Let s(f) = -10*f**3 + 2*f**2 - f. Determine s(1).
-9
Let o(c) = -c**3 - 21*c + 36. Give o(2).
-14
Let c(v) = 18*v - 140. Determine c(8).
4
Let o(i) = 2*i**2 - i - 26. Determine o(-4).
10
Let t(l) = 120*l - 4. Give t(1).
116
Let w(c) = -2*c**3 + 20*c**2 - 2*c + 8. Give w(10).
-12
Let c(m) = 4*m**3 - 2*m**2 - 20*m - 35. Give c(-2).
-35
Let j(r) = 3*r + 13. Give j(4).
25
Let t(r) = r**3 + 2*r**2 - r + 3. Calculate t(-4).
-25
Let a(i) = i**3 - 5*i**2 + 10*i - 10. Calculate a(4).
14
Let h(w) = 7*w - 61. What is h(15)?
44
Let y(r) = -16*r + 69. Determine y(4).
5
Let t(i) = -10*i - 161. Determine t(-16).
-1
Let x(h) = -3*h + 21. What is x(-5)?
36
Let i(p) = 19*p - 71. Calculate i(4).
5
Let v(g) = 2*g**2 - 28*g + 19. Give v(14).
19
Let n(x) = 7*x**3 - 2*x**2 + x - 2. What is n(2)?
48
Let p(t) = -16*t**2 - t + 1. What is p(2)?
-65
Let i(n) = 2*n**2 - 19*n + 47. Give i(5).
2
Let d(t) = -9*t - 41. Calculate d(-6).
13
Let b(u) = 13*u**2 - 4*u. Calculate b(-2).
60
Let f(y) = 2*y**2 - 16*y + 61. Calculate f(6).
37
Let u(g) = g**3 + 12*g**2 + 23*g + 20. Calculate u(-10).
-10
Let g(l) = -2*l**3 - 2*l**2 + 4*l + 4. Determine g(-2).
4
Let q(n) = -14*n**3 - 1. Determine q(-1).
13
Let t(x) = -8*x - 5. Calculate t(2).
-21
Let j(c) = 2*c - 1. Determine j(-11).
-23
Let r(d) = -d**2 - 47*d - 256. Calculate r(-40).
24
Let b(z) = -8*z + 24. What is b(5)?
-16
Let f(m) = m**3 + 8*m**2 + 7*m - 6. What is f(-7)?
-6
Let t(m) = -22*m**3 - m**2 + m - 1. Calculate t(1).
-23
Let z(h) = h**2 - 21*h + 111. Calculate z(12).
3
Let a(j) = j + 10. What is a(-9)?
1
Let v(g) = 6*g + 5. Determine v(6).
41
Let a(g) = g**3 + 8*g**2 + 12*g - 2. What is a(-5)?
13
Let v(a) = a**3 + a**2 - 13*a + 17. What is v(2)?
3
Let x(o) = o**2 - 23*o + 17. Determine x(15).
-103
Let w(s) = -7*s - 2. Calculate w(1).
-9
Let y(c) = c**3 - 11*c**2 + 14*c - 7. Give y(10).
33
Let h(n) = -16*n - 2. Calculate h(2).
-34
Let b(a) = -14*a - 6. Calculate b(-5).
64
Let n(m) = -m**2 + 6*m + 27. Give n(9).
0
Let w(h) = -4*h + 6. Determine w(8).
-26
Let g(n) = -n**3 + 9*n**2 - 5*n - 17. Determine g(6).
61
Let a(f) = -11*f**3 - 4*f - 3. Give a(-1).
12
Let t(x) = -x**2 + 2*x + 6. What is t(3)?
3
Let o(d) = -2*d - 12. Calculate o(6).
-24
Let p(s) = 5*s - 5. Calculate p(5).
20
Let w(h) = -h**3 + 8*h**2 - 12*h + 10. What is w(6)?
10
Let m(j) = -j - 32. What is m(12)?
-44
Let z(y) = 2*y - 7. Calculate z(-6).
-19
Let r(h) = -9*h + 49. Determine r(7).
-14
Let c(d) = -10*d + 8. Calculate c(-6).
68
Let i(q) = -q**3 + 5*q**2 + 6*q - 5. Give i(6).
-5
Let j(m) = -m**2 + 4*m - 10. Give j(5).
-15
Let a(g) = 2*g**3 - g**2 - 2*g + 1. Calculate a(2).
9
Let j(v) = -v**2 - 10*v + 16. Give j(-12).
-8
Let m(c) = -4*c**2 + 5*c - 5. Determine m(4).
-49
Let u(o) = o + 8. Determine u(-7).
1
Let w(a) = -7*a + 25. What is w(8)?
-31
Let x(v) = -v**2 - 149*v - 1522. Calculate x(-11).
-4
Let s(y) = -y**3 - 6*y**2 + 10*y + 30. Calculate s(-7).
9
Let u(g) = g**2 + 6*g - 3. Calculate u(-8).
13
Let m(v) = v**3 + 5*v**2 + 2*v - 10. Calculate m(-4).
-2
Let t(c) = 73*c**2 - c - 1. Give t(1).
71
Let t(s) = s**3 - 4*s**2 + s + 11. Determine t(0).
11
Let w(a) = -a**3 + 12*a**2 + 11*a - 4. Determine w(13).
-30
Let g(c) = -c**2 + c + 1. Determine g(0).
1
Let x(t) = -t + 2. What is x(-4)?
6
Let g(y) = 2*y + 3. Give g(-6).
-9
Let n(l) = -l**3 - 7*l**2 - 4*l - 6. What is n(-5)?
-36
Let v(u) = 11*u - 33. Calculate v(3).
0
Let w(j) = 66*j + 391. Calculate w(-6).
-5
Let o(p) = p**3 - 6*p**2 + 5*p + 4. Determine o(5).
4
Let h(z) = -z**3 + 15*z**2 - 57*z - 6. What is h(7)?
-13
Let i(m) = m + 8. Calculate i(-22).
-14
Let h(l) = 2*l**2 + 11*l + 14. Determine h(-4).
2
Let i(w) = -5*w + 1. Give i(1).
-4
Let d(w) = -5*w + 44. Give d(10).
-6
Let a(s) = s + 6. Give a(4).
10
Let r(q) = -12*q**2 - q. Give r(-1).
-11
Let f(n) = 2*n**3 + 5*n**2 + 6*n + 4. What is f(-2)?
-4
Let n(g) = -g**3 + 6*g**2 + 9. Give n(6).
9
Let g(v) = v**3 + 2*v**2 - 16*v - 9. Determine g(-4).
23
Let g(q) = -q**3 - 10*q**2 + 14*q - 10. Calculate g(-11).
-43
Let d(b) = b**3 - 13*b**2 + b - 37. Determine d(13).
-24
Let s(k) = -6*k - 35. Give s(-5).
-5
Let p(u) = -80*u**3 - u + 1. Calculate p(1).
-80
Let z(p) = -p**3 - 9*p**2 - 14*p + 5. Determine z(-6).
-19
Let g(x) = -16*x + 158. Calculate g(10).
-2
Let w(l) = l**3 + 6*l**2 - 8*l + 3. What is w(-7)?
10
Let x(z) = z - 3. Determine x(-4).
-7
Let j(f) = 2*f**2 - 11*f + 5. Calculate j(4).
-7
Let g(u) = u**2 - 2*u - 8. Determine g(-3).
7
Let f(l) = -2*l**2 - 2*l + 2. What is f(2)?
-10
Let i(o) = -o + 1. What is i(-4)?
5
Let h(x) = -38*x + 26. What is h(1)?
-12
Let g(q) = 32*q - 2. Determine g(-2).
-66
Let m(b) = -34*b + 4. Give m(-2).
72
Let l(b) = 2*b + 2. Calculate l(-4).
-6
Let a(g) = -g**3 - 8*g**2 + 10*g + 8. What is a(-9)?
-1
Let v(y) = 5*y**2 - 4*y - 7. Calculate v(3).
26
Let u(c) = 2*c**2 + 27*c - 18. Give u(-14).
-4
Let u(k) = -k**2 - 73. Give u(0).
-73
Let r(u) = u**3 - 9*u**2 - 10*u - 7. Determine r(10).
-7
Let l(j) = j**2 - 25. Calculate l(5).
0
Let s(c) = 26*c + 458. Calculate s(-18).
-10
Let n(o) = o**2 + 9*o + 11. Determine n(-8).
3
Let f(z) = -37*z**3 - 2*z**2 + z + 1. What is f(1)?
-37
Let i(n) = -n**3 + 8*n**2 + 10*n - 12. Give i(9).
-3
Let d(i) = -4*i + 34. Calculate d(7).
6
Let q(k) = -k**3 - 3*k**2 + 7*k + 6. Calculate q(-4).
-6
Let b(u) = u**2 - 17*u - 18. Give b(18).
0
Let o(q) = -5*q**2 - 37*q - 2. Calculate o(-10).
-132
Let l(r) = 3*r**2 - 3*r - 2. Calculate l(-1).
4
Let j(n) = 13*n**3 - n**2 - 4. Calculate j(2).
96
Let q(n) = 2*n**3 + 4*n**2 + n. Calculate q(-2).
-2
Let v(h) = -h**3 - 10*h**2 + 25*h - 17. Determine v(-12).
-29
Let n(g) = g**2 - 19*g + 24. Determine n(19).
24
Let a(m) = m**3 - 14*m**2 - 32*m + 8. Give a(16).
8
Let o(f) = f**2 - 6*f - 3. What is o(5)?
-8
Let l(q) = -7*q**2 - 67*q - 40. What is l(-9)?
-4
Let q(o) = o**2 + 10*o - 5. Calculate q(-10).
-5
Let z(j) = 13*j - 21. Determine z(4).
31
Let f(a) = 9*a**3 + 3*a**2 + a + 13. Give f(-3).
-206
Let j(d) = -d**2 + 2*d - 5. What is j(6)?
-29
Let u(d) = -10*d - 6. Determine u(-4).
34
Let n(h) = -10*h + 18. Calculate n(4).
-22
Let o(a) = 18*a + 4. Give o(-2).
-32
Let y(c) = 2*c**2 + 38*c - 18. Give y(-18).
-54
Let m(k) = k - 19. Determine m(21).
2
Let w(d) = -d**2 + 3*d + 27. What is w(6)?
9
Let f(a) = 2*a**3 - 6*a**2 + 5*a + 3. What is f(3)?
18
Let g(o) = -o - 27. Determine g(-14).
-13
Let v(x) = 10*x**2 - 4*x + 3. Calculate v(1).
9
Let m(k) = -k**2 - 20*k + 12. Calculate m(-16).
76
Let s(g) = -g**2 + 5*g + 17. What is s(5)?
17
Let k(j) = 2*j**3 + 1. Give k(-2).
-15
Let d(s) = s**3 + 2*s**2 - s + 11. Give d(0).
11
Let a(n) = n**3 - 11*n**2 - n + 34. Calculate a(11).
23
Let x(z) = -z**3 + 7*z**2 - z + 6. Calculate x(7).
-1
Let b(a) = -a**3 - 2*a**2 - 2*a - 53. Determine b(0).
-53
Let h(m) = -2*m**3 + 6*m**2 - 3*m - 3. What is h(4)?
-47
Let x(a) = -a**3 + 10*a**2 + a - 19. Calculate x(9).
71
Let v(u) = -u**3 - 5*u**2 + 8*u + 8. What is v(-6)?
-4
Let s(o) = -2*o**3 + 27*o**2 + 45*o - 20. What is s(15)?
-20
Let a(n) = n**2 - 7*n + 1. Determine a(7).
1
Let f(y) = 2*y**3 + 37*y**2 + 82*y + 23. Calculate f(-16).
-9
Let j(x) = 2*x**2 + 7*x - 1. Give j(-5).
14
Let h(y) = -y**2 + 8*y - 13. Give h(6).
-1
Let z(d) = 21*d**2 - 2*d + 1. Determine z(1).
20
Let p(r) = -33*r**3 + 2*r**2 - 1. Determine p(1).
-32
Let h(l) = -l**3 + 3*l**2 + 7*l + 2. Give h(6).
-64
Let o(k) = 7*k + 15. Determine o(-5).
-20
Let k(m) = -19*m**3 + 3*m - 3. Determine k(1).
-19
Let c(p) = -p**2 + 10*p - 17. Determine c(7).
4
Let v(t) = -2*t**2 - 34*t - 20. Determine v(-16).
12
Let r(j) = -j**3 - 14*j**2 - 15*j - 33. Calculate r(-13).
-7
Let b(x) = -14*x - 8. Calculate b(0).
-8
Let v(b) = 37*b + 586. Determine v(-16).
-6
Let r(c) = c**3 - 11*c**2 + c - 14. Calculate r(9).
-167
Let h(z) = -14*z**2 - z - 2. Give h(2).
-60
Let f(d) = 4*d - 74. Calculate f(8).
-42
Let g(n) = 2*n**2 - 23*n + 45. Determine g(7).
-18
Let w(s) = -s**2 + 5*s. Calculate w(5).
0
Let x(r) = -r**2 - 3*r + 6. Calculate x(2).
-4
Let w(i) = -i**3 + 8*i**2 - 17*i + 9. What is w(5)?
-1
Let o(w) = -14*w + 4. Give o(-2).
32
Let r(n) = -22*n**2 + n. Give r(1).
-21
Let p(u) = u - 2. Determine p(-10).
-12
L